+ 28*a - 29. Determine n(-19).
161
Let j(i) = -2*i**2 + 2*i + 393. Determine j(-14).
-27
Let q(p) = 2*p**2 + 82*p + 137. Determine q(-39).
-19
Let d(v) = -38*v + 254. Give d(-3).
368
Let s(f) = -1565*f - 139287. Determine s(-89).
-2
Let p(v) = -4*v**2 + 24*v + 130. What is p(9)?
22
Let k(y) = y**3 + 80*y**2 + 82*y + 261. What is k(-79)?
24
Let o(l) = 15*l**2 - 165*l + 4. What is o(11)?
4
Let k(q) = -502*q + 104. Calculate k(0).
104
Let o(z) = 20*z**2 - 19*z - 19. Calculate o(-5).
576
Let r(h) = h**2 - 142*h + 2924. Give r(117).
-1
Let b(g) = 43*g - 17. Determine b(-1).
-60
Let j(m) = -m**2 - 46*m + 32. Determine j(-21).
557
Let m(p) = 2*p**2 + 152*p + 223. Give m(-73).
-215
Let w(t) = 4*t**3 + 64*t**2 + 13*t + 1. What is w(-16)?
-207
Let g(h) = -32*h**2 - 191*h - 194. Calculate g(-1).
-35
Let o(m) = -11*m**2 - 12*m + 60. Determine o(5).
-275
Let v(d) = -d**2 + 30*d - 572. Determine v(22).
-396
Let i(l) = 7*l**2 + 26*l + 53. Calculate i(-6).
149
Let t(r) = -r**3 - 74*r**2 - 79*r - 435. Give t(-73).
3
Let d(q) = -q**3 - 14*q**2 + 13*q + 452. Calculate d(-12).
8
Let y(k) = k - 127. What is y(29)?
-98
Let g(j) = -6*j + 964. Calculate g(151).
58
Let c(i) = -11*i + 79. Give c(19).
-130
Let q(c) = -c**2 - 62*c + 448. What is q(7)?
-35
Let g(f) = -54*f - 258. Determine g(-3).
-96
Let x(r) = -28*r - 3266. Determine x(-116).
-18
Let o(i) = 5*i - 264. What is o(-13)?
-329
Let y(q) = -q**3 - 3*q**2 - 5*q - 17. What is y(-3)?
-2
Let g(j) = 25*j + 628. Give g(-24).
28
Let n(o) = 128*o**2 + 1912*o - 4. Calculate n(-15).
116
Let b(r) = -2*r**2 + 166*r + 3411. What is b(100)?
11
Let y(a) = 21*a**2 + 542*a - 103. Calculate y(-26).
1
Let z(b) = -b**3 + 3*b**2 - 46*b + 194. Calculate z(4).
-6
Let h(y) = -17*y**2 - 853*y - 5241. Give h(-43).
5
Let m(g) = g**3 + 32*g**2 + 31*g - 85. What is m(-31)?
-85
Let c(p) = -p**2 - 364*p - 3182. Give c(-9).
13
Let g(y) = 18*y**3 + 70*y**2 - 16*y - 33. Calculate g(-4).
-1
Let g(k) = -6*k**3 - 4*k**2 + 8*k - 3. Give g(3).
-177
Let t(c) = -9*c**2 + 19*c - 27. Calculate t(3).
-51
Let i(p) = 2*p**3 + 4*p**2 + 72*p - 149. What is i(2)?
27
Let c(n) = -2202*n + 74865. Determine c(34).
-3
Let y(z) = -61*z - 1044. What is y(-18)?
54
Let c(q) = -3*q**2 - 25*q + 281. What is c(7)?
-41
Let a(h) = -h**3 + 17*h**2 - 27*h - 73. Calculate a(14).
137
Let j(d) = -d**2 + 8*d + 17. Determine j(8).
17
Let p(k) = k**2 + 237*k + 2745. Determine p(-12).
45
Let k(r) = 2*r**2 - 792*r - 51642. What is k(-57)?
0
Let c(j) = -j**3 - 13*j**2 - 14*j - 45. What is c(-12)?
-21
Let f(t) = 2*t**2 + 53*t + 143. Calculate f(-22).
-55
Let j(h) = h**3 - 61*h**2 + 174*h + 28. What is j(58)?
28
Let i(x) = -59*x - 256. Calculate i(-3).
-79
Let z(f) = f**2 - 24*f - 265. Give z(33).
32
Let y(h) = h**2 + 162*h - 793. Determine y(5).
42
Let b(d) = 2*d**3 + 68*d**2 - 9*d - 207. What is b(-34)?
99
Let i(o) = 2*o**2 - 441*o + 3607. What is i(212)?
3
Let k(z) = 65*z + 4977. Give k(-77).
-28
Let u(m) = 28*m**3 + 11*m**2 + 7*m - 1. Give u(-1).
-25
Let w(m) = 2*m**2 - 465*m + 1838. Calculate w(4).
10
Let d(i) = 33*i - 687. Calculate d(28).
237
Let o(n) = -n - 65. What is o(-13)?
-52
Let q(x) = 2*x + 11. What is q(-34)?
-57
Let n(w) = -w**3 - 28*w**2 - 151*w + 607. Give n(-17).
-5
Let u(f) = -f**2 - 9*f + 652. Calculate u(-31).
-30
Let p(q) = -6*q**3 + 33*q**2 + 82*q + 23. Calculate p(-2).
39
Let h(a) = -32*a + 129. Give h(17).
-415
Let i(m) = 3*m**3 + 6*m**2 - 5*m + 3. Determine i(-3).
-9
Let v(d) = -2*d**2 - 309*d - 619. Determine v(-2).
-9
Let h(p) = p**3 + 7*p**2 - 34*p + 5. Determine h(-9).
149
Let r(f) = f**2 + 9*f - 108. Calculate r(-10).
-98
Let p(q) = q**2 + 33*q + 269. What is p(-14)?
3
Let g(y) = 75*y + 14033. Calculate g(-187).
8
Let v(i) = i**3 - 52*i**2 + 140*i + 37. Calculate v(49).
-306
Let o(g) = -4*g**2 - 62*g - 23. Determine o(-15).
7
Let c(q) = q**3 - 13*q**2 - 209*q - 2261. What is c(25)?
14
Let a(n) = -n**2 - 13*n + 450. What is a(0)?
450
Let g(t) = -49*t + 288. Determine g(6).
-6
Let a(t) = -2*t**3 + 122*t**2 - t + 83. Give a(61).
22
Let i(t) = t**3 + 3*t**2 - 6*t - 1. Give i(-4).
7
Let f(b) = -162*b - 668. Give f(-8).
628
Let o(w) = -w + 105. Calculate o(78).
27
Let k(w) = -w**3 + 3*w**2 + 29*w + 6. Give k(5).
101
Let w(o) = -14*o**2 - 158*o + 3. Give w(-11).
47
Let c(n) = 4*n**2 + 107*n + 480. Determine c(-21).
-3
Let h(r) = -r**3 + 8*r**2 + 23*r + 46. Calculate h(12).
-254
Let s(g) = 4*g**3 - 5*g**2 + 29*g - 35. Calculate s(2).
35
Let u(l) = 11*l**3 + 9*l + 8. Give u(-2).
-98
Let i(q) = 97*q - 547. Determine i(7).
132
Let s(i) = 4*i**3 + 2*i**2 + 4*i + 135. Calculate s(0).
135
Let g(h) = -h**3 + 32*h**2 - 174*h + 6837. Give g(33).
6
Let v(c) = -12*c**2 + 140*c - 142. Calculate v(1).
-14
Let x(k) = k**3 - 50*k**2 + 48*k + 109. What is x(49)?
60
Let h(p) = 2*p**2 - p - 858. What is h(21)?
3
Let c(t) = -147*t**2 + 2065*t - 17. What is c(14)?
81
Let d(v) = -v**3 - 117*v**2 - 818*v - 5277. Give d(-110).
3
Let l(x) = 180*x - 1817. Give l(10).
-17
Let g(r) = 64*r - 1080. Calculate g(11).
-376
Let r(t) = -2*t**3 - 42*t**2 + 107*t + 346. Calculate r(-23).
1
Let r(w) = -26*w + 383. Determine r(8).
175
Let p(d) = -19*d + 4. Give p(-4).
80
Let s(m) = m**2 + 13*m + 138. What is s(0)?
138
Let m(i) = -i**2 - i - 24. Calculate m(0).
-24
Let m(a) = -a**2 - 624*a - 4933. What is m(-8)?
-5
Let h(k) = 17*k + 307. Calculate h(-15).
52
Let f(y) = -15*y + 635. Calculate f(43).
-10
Let k(y) = 57*y**3 + 282*y**2 - 2*y - 9. Determine k(-5).
-74
Let n(j) = -462*j - 921. Give n(-2).
3
Let w(y) = 29*y + 1176. Determine w(-48).
-216
Let h(y) = -21*y + 194. Give h(4).
110
Let n(m) = -5*m**2 - 209*m + 46. Calculate n(-42).
4
Let r(n) = -5*n**3 + 66*n**2 - 8*n - 73. What is r(13)?
-8
Let t(l) = 41*l - 7. Calculate t(2).
75
Let u(l) = -79*l + 6223. What is u(79)?
-18
Let s(r) = 52*r - 56. Give s(-5).
-316
Let c(b) = -b**2 - 263*b - 2023. Give c(-255).
17
Let c(f) = -8*f**2 + 755*f - 276. Calculate c(94).
6
Let j(x) = -38*x**2 + 291*x - 371. Calculate j(6).
7
Let b(k) = -k**3 + 118*k**2 - 562*k - 335. Determine b(113).
4
Let y(k) = k**2 + 28*k + 176. Give y(-11).
-11
Let q(b) = 25*b**3 - 2*b**2 + 29*b + 30. What is q(-1)?
-26
Let s(o) = -2*o**2 + 212*o + 1086. What is s(-5)?
-24
Let h(c) = -202*c**3 + 4*c**2 - 10*c - 12. Determine h(-1).
204
Let f(w) = -37*w**2 + 5*w + 6. Determine f(-2).
-152
Let l(f) = 2337*f + 163587. Determine l(-70).
-3
Let u(y) = y**3 - 16*y**2 + 60*y - 1. What is u(10)?
-1
Let r(h) = -5*h**2 + 81*h + 32. Determine r(16).
48
Let m(q) = -54*q - 2409. What is m(-45)?
21
Let t(m) = 3*m - 115. Give t(36).
-7
Let u(g) = -g**3 + g**2 + 15*g - 36. What is u(6)?
-126
Let h(k) = -11*k**2 + 449*k + 550. Give h(42).
4
Let v(h) = 122*h**2 + 3*h - 23. What is v(2)?
471
Let c(w) = -40*w - 458. Determine c(-11).
-18
Let z(g) = -g**3 + 77*g**2 + 75*g + 234. Give z(78).
0
Let v(l) = 108*l**2 - 32*l + 17. Determine v(2).
385
Let n(p) = -p**3 - 27*p**2 + 58*p + 5. Give n(-29).
5
Let o(c) = c**2 + 69*c - 23. Calculate o(-69).
-23
Let b(f) = 2*f**3 + 22*f**2 - 19*f + 33. Give b(-12).
-27
Let x(s) = -34*s + 1050. Determine x(31).
-4
Let h(f) = -11*f**2 + 128*f + 1158. What is h(-6)?
-6
Let g(t) = t**2 + 91*t + 896. What is g(-71)?
-524
Let q(f) = -2*f**2 - 42*f - 81. Give q(-2).
-5
Let i(w) = 87*w - 156. Calculate i(3).
105
Let s(i) = -i**3 - 89*i**2 + 5*i + 1678. What is s(-89)?
1233
Let g(n) = n**2 - 4*n - 57. What is g(18)?
195
Let p(z) = 3*z**2 + 470*z + 6250. Calculate p(-142).
2
Let p(q) = -q**3 + 37*q**2 - 50*q + 494. Give p(36).
-10
Let c(o) = 212*o - 625. What is c(3)?
11
Let b(g) = -g**2 - 92*g - 1145. Calculate b(-15).
10
Let w(t) = 26*t - 149. Calculate w(7).
33
Let u(o) = -o**2 - 7*o + 64. What is u(4)?
20
Let d(l) = -473*l - 2331. What is d(-5)?
34
Let z(j) = -j**2 + 2458*j + 14775. What is z(-6)?
-9
Let m(d) = d**3 - 72*d**2 - 83*d + 559. What is m(73)?
-171
Let z(v) = -2*v**3 - 2*v**2 + 10*v - 17. Give z(2).
-21
Let i(o) = 11*o**2 + 181*o + 6. Determine i(-16).
-74
Let k(c) = -c**3 + 2*c**2 + 77*c + 47. Determine k(10).
17
Let g(x) = 330*x + 966. What is g(-3)?
-24
Let r(x) = -246*x - 2168. Determine r(-9).
46
Let j(n) = n**3 - 95*n**2 + 97*n + 134. Calculate j(94).
416
Let x(i) = i**2 - 156*i + 3055. Determine x(22).
107
Let d(f) = -943*f - 14071. Determine d(-15).
7